hen 66 is divided by 20.
6
Calculate the remainder when 1889 is divided by 942.
5
What is the remainder when 82 is divided by 73?
9
Calculate the remainder when 907 is divided by 114.
109
What is the remainder when 519 is divided by 100?
19
What is the remainder when 42502 is divided by 66?
64
What is the remainder when 552 is divided by 79?
78
Calculate the remainder when 748 is divided by 7.
6
Calculate the remainder when 447 is divided by 375.
72
What is the remainder when 626 is divided by 63?
59
Calculate the remainder when 2344 is divided by 333.
13
Calculate the remainder when 1998 is divided by 143.
139
What is the remainder when 241 is divided by 49?
45
What is the remainder when 656 is divided by 60?
56
Calculate the remainder when 127 is divided by 51.
25
What is the remainder when 57 is divided by 22?
13
What is the remainder when 249 is divided by 10?
9
What is the remainder when 227 is divided by 7?
3
What is the remainder when 30 is divided by 7?
2
What is the remainder when 8416 is divided by 1052?
0
What is the remainder when 111 is divided by 23?
19
Calculate the remainder when 712 is divided by 139.
17
Calculate the remainder when 226 is divided by 24.
10
What is the remainder when 112 is divided by 59?
53
Calculate the remainder when 2418 is divided by 9.
6
Calculate the remainder when 73 is divided by 13.
8
Calculate the remainder when 214 is divided by 71.
1
What is the remainder when 493 is divided by 88?
53
What is the remainder when 77 is divided by 39?
38
Calculate the remainder when 501 is divided by 101.
97
What is the remainder when 99 is divided by 25?
24
Calculate the remainder when 1751 is divided by 217.
15
What is the remainder when 1270 is divided by 161?
143
What is the remainder when 2234 is divided by 46?
26
Calculate the remainder when 200 is divided by 7.
4
What is the remainder when 188 is divided by 32?
28
Calculate the remainder when 721 is divided by 25.
21
Calculate the remainder when 778 is divided by 65.
63
What is the remainder when 504 is divided by 23?
21
Calculate the remainder when 119 is divided by 35.
14
What is the remainder when 168 is divided by 65?
38
Calculate the remainder when 400 is divided by 56.
8
What is the remainder when 3657 is divided by 1822?
13
Calculate the remainder when 213 is divided by 100.
13
What is the remainder when 763 is divided by 707?
56
What is the remainder when 22033 is divided by 95?
88
What is the remainder when 2652 is divided by 374?
34
What is the remainder when 1018 is divided by 143?
17
What is the remainder when 311 is divided by 36?
23
What is the remainder when 1078 is divided by 13?
12
What is the remainder when 292 is divided by 43?
34
What is the remainder when 571 is divided by 18?
13
What is the remainder when 1558 is divided by 220?
18
Calculate the remainder when 428 is divided by 43.
41
Calculate the remainder when 135 is divided by 37.
24
Calculate the remainder when 215 is divided by 33.
17
What is the remainder when 150 is divided by 31?
26
What is the remainder when 9511 is divided by 116?
115
Calculate the remainder when 842 is divided by 6.
2
Calculate the remainder when 8919 is divided by 28.
15
Calculate the remainder when 2771 is divided by 37.
33
Calculate the remainder when 63 is divided by 14.
7
What is the remainder when 1815 is divided by 30?
15
Calculate the remainder when 165 is divided by 84.
81
What is the remainder when 570 is divided by 143?
141
Calculate the remainder when 3443 is divided by 82.
81
What is the remainder when 3194 is divided by 246?
242
Calculate the remainder when 349 is divided by 58.
1
What is the remainder when 92 is divided by 25?
17
What is the remainder when 920 is divided by 302?
14
Calculate the remainder when 422 is divided by 259.
163
What is the remainder when 219 is divided by 24?
3
Calculate the remainder when 16 is divided by 1.
0
Calculate the remainder when 268 is divided by 86.
10
Calculate the remainder when 75 is divided by 47.
28
Calculate the remainder when 389 is divided by 13.
12
Calculate the remainder when 2317 is divided by 384.
13
What is the remainder when 923 is divided by 42?
41
What is the remainder when 236 is divided by 62?
50
What is the remainder when 106 is divided by 66?
40
Calculate the remainder when 4017 is divided by 161.
153
Calculate the remainder when 6849 is divided by 11.
7
Calculate the remainder when 214 is divided by 38.
24
Calculate the remainder when 4366 is divided by 13.
11
Calculate the remainder when 8286 is divided by 169.
5
What is the remainder when 313 is divided by 25?
13
What is the remainder when 22834 is divided by 33?
31
What is the remainder when 8139 is divided by 14?
5
What is the remainder when 209 is divided by 77?
55
What is the remainder when 852 is divided by 280?
12
What is the remainder when 2397 is divided by 8?
5
What is the remainder when 8371 is divided by 22?
11
Calculate the remainder when 1230 is divided by 137.
134
What is the remainder when 150 is divided by 141?
9
What is the remainder when 2550 is divided by 159?
6
What is the remainder when 1665 is divided by 119?
118
Calculate the remainder when 294 is divided by 60.
54
Calculate the remainder when 21 is divided by 13.
8
What is the remainder when 356 is divided by 45?
41
What is the remainder when 957 is divided by 160?
157
What is the remainder when 637 is divided by 578?
59
Calculate the remainder when 3820 is divided by 98.
96
Calculate the remainder when 441 is divided by 89.
85
What is the remainder when 8397 is divided by 221?
220
Calculate the remainder when 232 is divided by 24.
16
What is the remainder when 107 is divided by 31?
14
What is the remainder when 678 is divided by 11?
7
What is the remainder when 191 is divided by 37?
6
Calculate the remainder when 356 is divided by 10.
6
Calculate the remainder when 400 is divided by 31.
28
What is the remainder when 198 is divided by 12?
6
Calculate the remainder when 52 is divided by 15.
7
What is the remainder when 1449 is divided by 54?
45
Calculate the remainder when 837 is divided by 34.
21
What is the remainder when 254 is divided by 216?
38
Calculate the remainder when 101 is divided by 98.
3
Calculate the remainder when 111 is divided by 14.
13
Calculate the remainder when 71 is divided by 12.
11
What is the remainder when 72 is divided by 5?
2
What is the remainder when 151 is divided by 10?
1
Calculate the remainder when 99 is divided by 27.
18
Calculate the remainder when 181 is divided by 35.
6
Calculate the remainder when 62 is divided by 32.
30
What is the remainder when 813 is divided by 12?
9
What is the remainder when 39 is divided by 9?
3
Calculate the remainder when 279 is divided by 7.
6
Calculate the remainder when 1602 is divided by 318.
12
Calculate the remainder when 34 is divided by 12.
10
What is the remainder when 37 is divided by 24?
13
Calculate the remainder when 62 is divided by 48.
14
What is the remainder when 534 is divided by 88?
6
Calculate the remainder when 7802 is divided by 120.
2
What is the remainder when 421 is divided by 29?
15
What is the remainder when 782 is divided by 266?
250
Calculate the remainder when 1365 is divided by 16.
5
What is the remainder when 82 is divided by 42?
40
What is the remainder when 1843 is divided by 17?
7
What is the remainder when 69 is divided by 41?
28
Calculate the remainder when 9 is divided by 2.
1
What is the remainder when 113 is divided by 73?
40
What is the remainder when 191 is divided by 6?
5
What is the remainder when 898 is divided by 45?
43
Calculate the remainder when 806 is divided by 15.
11
Calculate the remainder when 208 is divided by 44.
32
What is the remainder when 178 is divided by 86?
6
What is the remainder when 83 is divided by 41?
1
Calculate the remainder when 125 is divided by 8.
5
What is the remainder when 1206 is divided by 395?
21
Calculate the remainder when 102 is divided by 45.
12
Calculate the remainder when 6156 is divided by 176.
172
Calculate the remainder when 522 is divided by 106.
98
What is the remainder when 324 is divided by 76?
20
What is the remainder when 2308 is divided by 111?
88
What is the remainder when 1319 is divided by 20?
19
What is the remainder when 8459 is divided by 2818?